common divisor of 5 and r.
5
Let p be 182/49 - 2/(-7). Suppose 0 = -p*z - 0*z + 1004. Let r be (-2)/(2 + -3) + z. Calculate the greatest common factor of r and 23.
23
Let x = 55 - 30. Let f be (-2 - 1 - -2)*-10. What is the greatest common divisor of f and x?
5
Suppose -2 = 4*s + u + u, -3*u - 3 = -s. Let h = s + 22. Calculate the highest common factor of h and 66.
22
Let g = 1 - -2. Suppose 0 = h - g*h + c + 19, -5*h + 55 = 5*c. What is the highest common factor of 80 and h?
10
Let k be (-3*2)/2 - -31. What is the highest common factor of 7 and k?
7
Let y(g) = g**3 + 1 + 2*g**3 - 1. Let f be y(1). Let d be 2 + 3 + 42/f. Calculate the highest common divisor of 38 and d.
19
Suppose -32 = -0*g - 4*g. Suppose 0 = 4*t - g - 4, 57 = j - 3*t. Suppose 4*c + 4*n - 4 = 0, c = 2*c - 4*n - 26. Calculate the highest common divisor of j and c.
6
Let t = 6 + -2. Suppose 2*b = t*b - 80. Let d = 1 + 7. Calculate the highest common divisor of b and d.
8
Let f be ((-42)/8)/(5/(-40)). Let p(w) = -w + 1. Let g be p(-6). Calculate the highest common factor of g and f.
7
Suppose -4*m - 3*a = -59, m + 4*a = 3*m - 2. Suppose -g + m = 1. What is the highest common divisor of g and 15?
5
Let x be (5/(-15))/((44/(-72))/11). Calculate the greatest common divisor of x and 54.
6
Suppose 6*d = -0*d + 30. Suppose -2*i = 2*p - d*p - 96, 0 = i + 2*p - 34. What is the highest common factor of i and 14?
14
Let h = 6 - 2. Suppose -p + 28 = h*v, 5*v = p - 6*p + 80. Calculate the greatest common divisor of 48 and p.
12
Let k be (-6)/((-8)/4) + (-14)/(-2). What is the highest common factor of k and 35?
5
Suppose 18 = 3*x + 3*x. Suppose x*j + 6 = 4*j. What is the greatest common factor of j and 6?
6
Suppose -3*x - 3*n + 18 = n, -4*x - 4*n = -24. Calculate the highest common divisor of x and 48.
6
Let c(d) = -d - 10. Let w be c(0). Let z = w - -14. Suppose k - 15 = 5*g, -5*g + g + 46 = 5*k. Calculate the highest common factor of z and k.
2
Let s be (-6 - 12)/(1 + (-14)/10). Calculate the highest common factor of s and 18.
9
Suppose 3*h - 13 = 4*c - 58, 3*h = 5*c - 48. Let m(d) = d**2 + 11*d + 2. Let w be m(h). What is the greatest common factor of 4 and w?
2
Let i = 1 + 4. Let z be ((-55)/(-3))/(2/6). Calculate the greatest common divisor of i and z.
5
Let i(o) = o**2 - 2*o - 1. Let s be i(-3). What is the highest common factor of 140 and s?
14
Let r be (32/(-20))/((-2)/5). Suppose 4*t - h = 4*h - 180, -r*h = -16. Let v = -2 - t. Calculate the greatest common divisor of 95 and v.
19
Let u be (25/4 + 5)/((-6)/(-32)). Let y be -2 + (3 + -1)*11. What is the greatest common factor of y and u?
20
Let v = 4 + -16. Let h be ((-176)/v)/(4/6). Calculate the highest common divisor of h and 2.
2
Let s = -7 - -37. Let h(t) = t**3 + 8*t**2 - 8*t + 8. Let w be h(-9). Let z = 4 + w. Calculate the highest common factor of s and z.
3
Let z = -74 + 85. Let r be (-1)/(-4) + 614/8. What is the greatest common divisor of z and r?
11
Let a = -4 + 22. Let k = a - 12. What is the greatest common divisor of 42 and k?
6
Let v = 57 - 32. Calculate the highest common divisor of v and 125.
25
Let z(b) = b**3 + 7*b**2 + b - 5. Let d be z(-6). Calculate the highest common factor of d and 10.
5
Let j = -145 + 297. Suppose -m = 2*x - 92, m = -3*x + 3*m + j. Let q(i) = i**2 + 6*i + 9. Let u be q(-7). Calculate the highest common factor of x and u.
16
Suppose 3*w + 98 = 5*s, 100 = 5*s - 3*w - 2*w. Calculate the highest common factor of s and 133.
19
Let f(r) = -236*r - 4. Let a be f(-2). Suppose 12 = 4*y - a. What is the greatest common divisor of y and 15?
15
Let f be 49/2 - 1/(-2). Let q(o) = 9*o**3 + o. Let n be q(1). What is the greatest common divisor of f and n?
5
Suppose 2 = 3*v - 1, 2*x - 2*v = 60. Let l = x + -19. Calculate the highest common divisor of 24 and l.
12
Let o(m) = -m**3 - 4*m**2 + m + 4. Let x be o(-4). Suppose x = 2*u + u - 360. Suppose n - u = -3*n. What is the greatest common divisor of 75 and n?
15
Suppose 0 = -2*x - 18 + 60. Let i = x - 6. Calculate the greatest common factor of 105 and i.
15
Let i be 11/2*6/3. Let w(l) = -l**3 + 2*l**2 + 2*l - 2. Let x be w(2). Suppose -x*u = 2*u - 4. What is the greatest common divisor of u and i?
1
Let p(r) = -r**3 + r**2 + 2*r - 2*r - 3*r + 2 - 7. Let d be p(4). Let x = -5 - d. What is the highest common divisor of 12 and x?
12
Let i = -12 + 12. Suppose -5*q - 3*y - 26 + 116 = 0, -q + 3*y = i. Calculate the highest common factor of 75 and q.
15
Let r(j) = 17*j**2 - 3*j + 3. Let g be r(1). What is the highest common factor of g and 51?
17
Let n(y) = y - 2. Let q be n(3). Let r(u) be the second derivative of u**4/3 - 4*u. Let x be r(q). Calculate the highest common divisor of 12 and x.
4
Suppose 0 = 2*u + 4, -4*u - 80 = -0*r - 4*r. Suppose -13 = -4*f + 47. Let g = -9 + f. What is the greatest common factor of r and g?
6
Let w = -10 - -12. Suppose 0 = w*s + 2*s - 700. What is the highest common factor of 25 and s?
25
Let o = 34 - 20. Calculate the highest common divisor of 126 and o.
14
Let p(r) be the first derivative of r**4/2 - r**3/3 + r**2/2 + r - 8. Let k be p(5). Let o = 36 + -15. Calculate the greatest common factor of k and o.
21
Let w(z) = 5*z + 2. Let s(r) = -9*r - 3. Let k(l) = -6*s(l) - 11*w(l). Let u be k(-6). Suppose -5*v = -3 - u. Calculate the highest common factor of v and 1.
1
Let z be ((-2)/(-4))/((-5)/(-320)). What is the greatest common divisor of 4 and z?
4
Let d = 0 - -2. Let j = 13 + 7. Suppose j = d*k + 3*k. Calculate the highest common divisor of 1 and k.
1
Let u = -8 - -8. Suppose -2*s + 6*s - 20 = u. Calculate the greatest common factor of 5 and s.
5
Suppose -3*k + 467 = 5*p, -2*p = k - 75 - 112. Suppose -127 = -3*q + d - 3*d, -d = -2*q + p. Let t = -25 + q. Calculate the highest common divisor of t and 20.
20
Suppose 349 = 2*o + a, 45 = 2*o + 5*a - 300. What is the highest common divisor of o and 25?
25
Let u = 7 + -11. Suppose f = 2*m + 1, -5 = f - 2*f - 2*m. Let h be (u - 2)/f + 15. What is the greatest common factor of 13 and h?
13
Let g = -100 - -136. Calculate the highest common factor of 54 and g.
18
Suppose 0 = 5*q - 10, 2*q + 25 = c - 0*q. Let k = c - 19. Calculate the highest common factor of k and 90.
10
Suppose h = -5*g - h + 23, 5*h - 11 = 3*g. Suppose x - g*x + 6 = 0. What is the greatest common divisor of 3 and x?
3
Let j(t) = -t - 3. Let p be j(3). Let l = p + 7. Calculate the greatest common factor of l and 9.
1
Let z(i) = -i**3 + 9*i**2 - i + 13. Let q be z(9). Suppose h + 4*h = q*p + 123, 2*h + 2*p - 60 = 0. Calculate the highest common divisor of h and 3.
3
Let v(f) = 7*f - 10. Let l be v(4). Calculate the greatest common divisor of 12 and l.
6
Suppose 0 = -4*r + 36 - 0. Let x = 16 - -29. What is the highest common divisor of x and r?
9
Let i be -5*(-1)/5*11. Let s = -7 + i. Let a = 57 - 29. Calculate the highest common divisor of a and s.
4
Let v = 31 - -53. What is the highest common divisor of v and 12?
12
Let k be (8/(-3))/((-3)/63). Let u(g) = -g**3 + 3*g**2 + 4*g + 7. Let n be u(4). What is the greatest common divisor of k and n?
7
Suppose 6 = 2*m - 0. Suppose v = d + 50, -m*d + 0*d = -12. Suppose -i = u - 24, 2*u + v = 5*i - 38. Calculate the highest common divisor of 30 and i.
10
Suppose 3*h = -2 - 1. Let g(s) = -42*s**3 - s**2 - s. Let a be g(h). Calculate the greatest common factor of a and 6.
6
Suppose -5*t + 38 = -12. Calculate the highest common divisor of t and 110.
10
Suppose 3 = -5*t + 13. Let a(o) = 6*o**3 - o**2 - 2. Let i be a(t). Calculate the highest common divisor of i and 14.
14
Let f = 16 - 12. Suppose -3*j + 5*j + d - 14 = 0, 24 = f*j + 4*d. What is the highest common divisor of 4 and j?
4
Let i be 3/(6*2/76). Let p = 21 - i. Let c be (-4)/(-5)*5/2. What is the highest common divisor of c and p?
2
Let n = 44 + -35. Calculate the greatest common factor of n and 72.
9
Suppose -3*v - 17 = -5*y, 2*y + 3*v = y + 7. Let i be 3 - (-1)/((-2)/y). What is the highest common divisor of 8 and i?
1
Let l = 33 - 24. What is the greatest common factor of 81 and l?
9
Suppose 0 = 11*n - 20*n + 108. What is the greatest common divisor of 8 and n?
4
Let l be 9 + 0 + (1 - 1). Suppose -4*d = -d - l. Let y be (2 + 10)/(d/2). What is the greatest common divisor of 12 and y?
4
Let o = 0 + 26. What is the